{"id":86,"date":"2018-06-17T15:23:35","date_gmt":"2018-06-17T13:23:35","guid":{"rendered":"http:\/\/klimaico.pl\/?page_id=86"},"modified":"2018-06-17T15:27:49","modified_gmt":"2018-06-17T13:27:49","slug":"klimatyzacja","status":"publish","type":"page","link":"https:\/\/klimaico.pl\/index.php\/uslugi\/klimatyzacja\/","title":{"rendered":"Klimatyzacja"},"content":{"rendered":"<p><strong>Klimatyzacja<\/strong>\u00a0to proces wymiany powietrza w pomieszczeniu, maj\u0105cy na celu utrzymywanie zadanych warunk\u00f3w\u00a0<a href=\"https:\/\/pl.wikipedia.org\/wiki\/Klimat\">klimatycznych<\/a>, czyli odpowiedniego zakresu\u00a0<a href=\"https:\/\/pl.wikipedia.org\/wiki\/Temperatura\">temperatur<\/a>\u00a0i\u00a0<a href=\"https:\/\/pl.wikipedia.org\/wiki\/Wilgotno%C5%9B%C4%87_powietrza\">wilgotno\u015bci powietrza<\/a>, zapewniaj\u0105cych komfort codziennego \u017cycia podczas upa\u0142\u00f3w. Odpowiednio zaprojektowana i zamontowana klimatyzacja sprawi, \u017ce we wn\u0119trz zawsze b\u0119dzie optymalna temperatura\u00a0 jak i wilgotno\u015b\u0107, a powietrze b\u0119dzie czyste i \u015bwie\u017ce pozbawione szkodliwych substancji organicznych oraz alergent\u00f3w.<\/p>\n<p>Posiadamy du\u017ce do\u015bwiadczenie z zakresu monta\u017cu urz\u0105dze\u0144 klimatyzacyjnych, konserwacji i serwisu, oraz wymagane uprawnienia i certyfikaty.<\/p>\n<p>Zapewniamy serwis gwarancyjny i pogwarancyjny klimatyzator\u00f3w, a tak\u017ce przegl\u0105dy i serwis klimatyzator\u00f3w.<\/p>\n","protected":false},"excerpt":{"rendered":"<p>Klimatyzacja\u00a0to proces wymiany powietrza w pomieszczeniu, maj\u0105cy na celu utrzymywanie zadanych warunk\u00f3w\u00a0klimatycznych, czyli odpowiedniego zakresu\u00a0temperatur\u00a0i\u00a0wilgotno\u015bci powietrza, zapewniaj\u0105cych komfort codziennego \u017cycia podczas upa\u0142\u00f3w. Odpowiednio zaprojektowana i zamontowana klimatyzacja sprawi, \u017ce we wn\u0119trz zawsze b\u0119dzie optymalna temperatura\u00a0 jak i wilgotno\u015b\u0107, a powietrze b\u0119dzie czyste i \u015bwie\u017ce pozbawione szkodliwych substancji organicznych oraz alergent\u00f3w. Posiadamy du\u017ce do\u015bwiadczenie z zakresu &hellip; <\/p>\n<p class=\"link-more\"><a href=\"https:\/\/klimaico.pl\/index.php\/uslugi\/klimatyzacja\/\" class=\"more-link\">Czytaj dalej<span class=\"screen-reader-text\"> Klimatyzacja<\/span><\/a><\/p>\n","protected":false},"author":1,"featured_media":0,"parent":90,"menu_order":0,"comment_status":"closed","ping_status":"closed","template":"","meta":[],"_links":{"self":[{"href":"https:\/\/klimaico.pl\/index.php\/wp-json\/wp\/v2\/pages\/86"}],"collection":[{"href":"https:\/\/klimaico.pl\/index.php\/wp-json\/wp\/v2\/pages"}],"about":[{"href":"https:\/\/klimaico.pl\/index.php\/wp-json\/wp\/v2\/types\/page"}],"author":[{"embeddable":true,"href":"https:\/\/klimaico.pl\/index.php\/wp-json\/wp\/v2\/users\/1"}],"replies":[{"embeddable":true,"href":"https:\/\/klimaico.pl\/index.php\/wp-json\/wp\/v2\/comments?post=86"}],"version-history":[{"count":1,"href":"https:\/\/klimaico.pl\/index.php\/wp-json\/wp\/v2\/pages\/86\/revisions"}],"predecessor-version":[{"id":88,"href":"https:\/\/klimaico.pl\/index.php\/wp-json\/wp\/v2\/pages\/86\/revisions\/88"}],"up":[{"embeddable":true,"href":"https:\/\/klimaico.pl\/index.php\/wp-json\/wp\/v2\/pages\/90"}],"wp:attachment":[{"href":"https:\/\/klimaico.pl\/index.php\/wp-json\/wp\/v2\/media?parent=86"}],"curies":[{"name":"wp","href":"https:\/\/api.w.org\/{rel}","templated":true}]}}