{"id":113,"date":"2018-06-17T15:48:04","date_gmt":"2018-06-17T13:48:04","guid":{"rendered":"http:\/\/klimaico.pl\/?page_id=113"},"modified":"2018-06-18T00:32:06","modified_gmt":"2018-06-17T22:32:06","slug":"cennik-klimatyzatorow","status":"publish","type":"page","link":"https:\/\/klimaico.pl\/index.php\/katalogi\/cennik-klimatyzatorow\/","title":{"rendered":"Cennik klimatyzator\u00f3w"},"content":{"rendered":"<h3><strong>Pobierz cenniki wybranych producent\u00f3w klimatyzator\u00f3w:<\/strong><\/h3>\n<ul>\n<li><a href=\"https:\/\/klimapoint.pl\/pdf\/ROTENSO-cennik-klimatyzacji-2017.pdf\">Cennik klimatyzator\u00f3w Rotenso<\/a><\/li>\n<li><a href=\"http:\/\/action.energy\/marketing\/Katalogi\/Klimatyzacja\/AUX\/cennik-katalog_AUX_2018.pdf\">Cennik klimatyzator\u00f3w firmy AUX<\/a><\/li>\n<li><a href=\"http:\/\/gree.pl\/resources\/Cennik_Gree_2018_R410A.pdf\">Cennik klimatyzator\u00f3w firmy Gree<\/a><\/li>\n<li><a href=\"https:\/\/klimapoint.pl\/pdf\/HAIER-cennik-klimatyzacji-2017.pdf\">Cennik klimatyzator\u00f3w firmy Haier<\/a><\/li>\n<li><a href=\"http:\/\/www.froser.pl\/dane\/editor\/images\/Cennik%202018%20Klimatyzatory%20LG.pdf\">Cennik klimatyzator\u00f3w LG<\/a><\/li>\n<li><a href=\"https:\/\/klimapoint.pl\/pdf\/MITSUBISHI-cennik-klimatyzacji-2017-2018.pdf\">Cennik klimatyzator\u00f3w Mitsubishi<\/a><\/li>\n<li><a href=\"http:\/\/www.froser.pl\/dane\/editor\/images\/Cennik%20Samsung%20RAC%2023_04_2018.pdf\">Cennik klimatyzator\u00f3w Samsung<\/a><\/li>\n<li><a href=\"http:\/\/www.sinclair.pl\/static\/uploaded_files\/media-05-2018\/cennik-sinclair-2-2018.pdf\">Cennik klimatyzator\u00f3w Sinclar<\/a><\/li>\n<\/ul>\n","protected":false},"excerpt":{"rendered":"<p>Pobierz cenniki wybranych producent\u00f3w klimatyzator\u00f3w: Cennik klimatyzator\u00f3w Rotenso Cennik klimatyzator\u00f3w firmy AUX Cennik klimatyzator\u00f3w firmy Gree Cennik klimatyzator\u00f3w firmy Haier Cennik klimatyzator\u00f3w LG Cennik klimatyzator\u00f3w Mitsubishi Cennik klimatyzator\u00f3w Samsung Cennik klimatyzator\u00f3w Sinclar<\/p>\n","protected":false},"author":1,"featured_media":0,"parent":108,"menu_order":1,"comment_status":"closed","ping_status":"closed","template":"","meta":[],"_links":{"self":[{"href":"https:\/\/klimaico.pl\/index.php\/wp-json\/wp\/v2\/pages\/113"}],"collection":[{"href":"https:\/\/klimaico.pl\/index.php\/wp-json\/wp\/v2\/pages"}],"about":[{"href":"https:\/\/klimaico.pl\/index.php\/wp-json\/wp\/v2\/types\/page"}],"author":[{"embeddable":true,"href":"https:\/\/klimaico.pl\/index.php\/wp-json\/wp\/v2\/users\/1"}],"replies":[{"embeddable":true,"href":"https:\/\/klimaico.pl\/index.php\/wp-json\/wp\/v2\/comments?post=113"}],"version-history":[{"count":8,"href":"https:\/\/klimaico.pl\/index.php\/wp-json\/wp\/v2\/pages\/113\/revisions"}],"predecessor-version":[{"id":209,"href":"https:\/\/klimaico.pl\/index.php\/wp-json\/wp\/v2\/pages\/113\/revisions\/209"}],"up":[{"embeddable":true,"href":"https:\/\/klimaico.pl\/index.php\/wp-json\/wp\/v2\/pages\/108"}],"wp:attachment":[{"href":"https:\/\/klimaico.pl\/index.php\/wp-json\/wp\/v2\/media?parent=113"}],"curies":[{"name":"wp","href":"https:\/\/api.w.org\/{rel}","templated":true}]}}