{"id":10,"date":"2018-06-17T11:08:00","date_gmt":"2018-06-17T09:08:00","guid":{"rendered":"http:\/\/klimaico.pl\/?page_id=10"},"modified":"2018-06-24T17:05:06","modified_gmt":"2018-06-24T15:05:06","slug":"kontakt","status":"publish","type":"page","link":"https:\/\/klimaico.pl\/index.php\/strona-glowna\/kontakt\/","title":{"rendered":"Kontakt"},"content":{"rendered":"<h3>Dane firmy:<\/h3>\n<p>KLIMA i C.O. \u0141ukasz Szlosek<br \/>\nStra\u017c\u00f3w 410D (k. Rzeszowa)<br \/>\n36-073 Stra\u017c\u00f3w<br \/>\n(gmina Krasne, powiat rzeszowski)<br \/>\ntel. kom. 606 304 285<\/p>\n<ul>\n<li><a href=\"http:\/\/klimaico.pl\">Tutaj wi\u0119cej informacji o mnie.<\/a><\/li>\n<li><a href=\"http:\/\/klimaico.pl\/index.php\/strona-glowna\/certyfikaty\/\">A tutaj uzyskane certyfikaty i za\u015bwiadczenia zawodowe.<\/a><\/li>\n<\/ul>\n<p>Mapa dojazdowa:<br \/>\n[wpgmza id=&#8221;1&#8243;]<\/p>\n<h3>Formularz kontaktowy:<\/h3>\n<p>[contact-form-7 id=&#8221;150&#8243; title=&#8221;Formularz 1&#8243;]<\/p>\n","protected":false},"excerpt":{"rendered":"<p>Dane firmy: KLIMA i C.O. \u0141ukasz Szlosek Stra\u017c\u00f3w 410D (k. Rzeszowa) 36-073 Stra\u017c\u00f3w (gmina Krasne, powiat rzeszowski) tel. kom. 606 304 285 Tutaj wi\u0119cej informacji o mnie. A tutaj uzyskane certyfikaty i za\u015bwiadczenia zawodowe. Mapa dojazdowa: [wpgmza id=&#8221;1&#8243;] Formularz kontaktowy: [contact-form-7 id=&#8221;150&#8243; title=&#8221;Formularz 1&#8243;]<\/p>\n","protected":false},"author":1,"featured_media":5,"parent":8,"menu_order":0,"comment_status":"closed","ping_status":"closed","template":"","meta":[],"_links":{"self":[{"href":"https:\/\/klimaico.pl\/index.php\/wp-json\/wp\/v2\/pages\/10"}],"collection":[{"href":"https:\/\/klimaico.pl\/index.php\/wp-json\/wp\/v2\/pages"}],"about":[{"href":"https:\/\/klimaico.pl\/index.php\/wp-json\/wp\/v2\/types\/page"}],"author":[{"embeddable":true,"href":"https:\/\/klimaico.pl\/index.php\/wp-json\/wp\/v2\/users\/1"}],"replies":[{"embeddable":true,"href":"https:\/\/klimaico.pl\/index.php\/wp-json\/wp\/v2\/comments?post=10"}],"version-history":[{"count":18,"href":"https:\/\/klimaico.pl\/index.php\/wp-json\/wp\/v2\/pages\/10\/revisions"}],"predecessor-version":[{"id":483,"href":"https:\/\/klimaico.pl\/index.php\/wp-json\/wp\/v2\/pages\/10\/revisions\/483"}],"up":[{"embeddable":true,"href":"https:\/\/klimaico.pl\/index.php\/wp-json\/wp\/v2\/pages\/8"}],"wp:featuredmedia":[{"embeddable":true,"href":"https:\/\/klimaico.pl\/index.php\/wp-json\/wp\/v2\/media\/5"}],"wp:attachment":[{"href":"https:\/\/klimaico.pl\/index.php\/wp-json\/wp\/v2\/media?parent=10"}],"curies":[{"name":"wp","href":"https:\/\/api.w.org\/{rel}","templated":true}]}}